72
Let s(y) = 3*y**2 + 12*y - 13. Give s(-5).
2
Let i(u) = -2*u**2 + 7*u - 3. Give i(4).
-7
Let y(l) = -17*l - 9. Determine y(5).
-94
Let k(u) = -6*u + 67. Determine k(11).
1
Let z(m) = m**2 + 2*m - 16. Calculate z(-6).
8
Let u(z) = z - 24. What is u(10)?
-14
Let j(q) = q**3 - 15*q**2 - 1. Give j(15).
-1
Let f(l) = l**3 - 7*l**2 + 6*l. Give f(6).
0
Let l(v) = -15*v**3 + 4*v**2 + 5*v + 2. Calculate l(-1).
16
Let v(a) = -2*a + 2. Determine v(-8).
18
Let m(c) = -5*c**2 - c. Give m(1).
-6
Let f(h) = h**2 - 5*h - 15. What is f(0)?
-15
Let k(a) = a**2 - 5*a - 14. Calculate k(-6).
52
Let t(s) = s**2 - 5*s - 9. Give t(7).
5
Let c(g) = -2*g**3 - 8*g**2 + 2*g + 2. What is c(0)?
2
Let a(o) = 2*o**2 - 7*o + 12. What is a(4)?
16
Let u(l) = l**2 + 8*l - 8. Give u(-9).
1
Let b(c) = c**3 + 23*c**2 + 23*c + 38. Determine b(-22).
16
Let w(a) = a**3 - 5*a**2 - 8*a - 7. What is w(7)?
35
Let c(k) = -20*k - 160. Determine c(-8).
0
Let k(w) = -4*w + 17. Calculate k(3).
5
Let q(d) = 6*d + 28. Determine q(-6).
-8
Let k(m) = m**2 + 8*m + 3. Determine k(-7).
-4
Let v(x) = -3*x**2 + 7*x - 7. Give v(5).
-47
Let y(n) = n**3 - 15*n**2 - 33*n - 16. What is y(17)?
1
Let s(p) = -p**3 - 13*p**2 - 10*p + 10. Give s(-12).
-14
Let k(s) = -s**3 + 22*s**2 - 57*s + 19. Determine k(19).
19
Let r(s) = -4*s**2 + 14*s + 7. Give r(7).
-91
Let u(x) = x**3 - 9*x**2 - 14*x + 30. What is u(10)?
-10
Let v(o) = -8*o - 2. What is v(-1)?
6
Let b(i) = i**2 + 16*i + 23. Give b(-14).
-5
Let y(n) = 2*n - 1. Give y(-4).
-9
Let z(s) = -2*s**2 - 10*s - 1. Calculate z(-7).
-29
Let o(c) = -3*c**3 + 2*c**2 - 2*c - 1. Determine o(-3).
104
Let l(a) = -10*a + 2. Calculate l(-8).
82
Let o(z) = -z**3 + 3*z**2 + 10*z + 1. Give o(5).
1
Let g(o) = -o**3 + 45*o**2 + 52*o - 282. Determine g(46).
-6
Let r(h) = 23*h**2 + h + 1. Calculate r(2).
95
Let f(d) = d**2 - 6*d + 5. Determine f(6).
5
Let o(c) = c**2 + 11*c - 11. Calculate o(-13).
15
Let j(s) = 6*s**2 - 25*s + 11. Calculate j(5).
36
Let f(w) = 3*w**2 + 7. Calculate f(3).
34
Let q(s) = s**2 - 24*s + 19. Calculate q(24).
19
Let u(v) = -15*v - 277. Determine u(-19).
8
Let s(o) = -o**2 - 37*o - 194. Give s(-6).
-8
Let a(c) = -c**2 + 28*c - 85. What is a(25)?
-10
Let l(j) = -j**2 + 10*j - 16. Determine l(5).
9
Let s(h) = h**3 + 5*h**2 + 3*h - 4. What is s(-5)?
-19
Let z(c) = 4*c + 1. Calculate z(9).
37
Let i(y) = y**3 - 7*y**2 + y - 5. What is i(7)?
2
Let s(m) = -3*m + 2. Calculate s(-1).
5
Let j(y) = y**2 - 5*y + 7. Determine j(9).
43
Let w(s) = s - 18. Give w(12).
-6
Let b(j) = -j**3 + 16*j**2 + 18*j - 34. What is b(17)?
-17
Let d(t) = t**3 - 2*t**2 - 2*t - 2. Determine d(0).
-2
Let n(o) = 6*o**2 - 7. Calculate n(-3).
47
Let n(m) = m**2 - m - 27. What is n(0)?
-27
Let m(i) = -i**2 - 29*i + 26. Determine m(-30).
-4
Let q(v) = -83*v - 409. Determine q(-5).
6
Let o(i) = i**3 + 2*i**2 - 8*i - 2. What is o(-3)?
13
Let j(r) = 16*r + 4. Determine j(2).
36
Let r(j) = -j**3 - 8*j**2 + 7*j. What is r(-9)?
18
Let m(k) = -30*k - 2. Calculate m(1).
-32
Let y(v) = -2*v**2 + 20*v + 153. Give y(15).
3
Let t(v) = -4*v**2 - 3*v + 3. Give t(2).
-19
Let a(s) = s**3 - 32*s**2 + 42*s - 347. What is a(31)?
-6
Let p(n) = -166*n - 663. What is p(-4)?
1
Let x(j) = 2*j**2 + 57*j - 159. Calculate x(-31).
-4
Let v(r) = -2*r**3 + r**2 + 4*r - 6. Calculate v(-4).
122
Let d(a) = -a**3 + 10*a**2 - 28*a + 96. What is d(8)?
0
Let k(z) = z**2 + 17*z + 41. Determine k(-15).
11
Let g(d) = -15*d - 40. Calculate g(-5).
35
Let v(u) = 11*u**3 - 2*u**2 + u. Determine v(1).
10
Let n(o) = -o**3 - 9*o**2 + 10*o + 11. Determine n(-10).
11
Let a(n) = n**3 + 15*n**2 + 46*n + 14. Calculate a(-11).
-8
Let u(j) = 37*j - 372. Give u(10).
-2
Let g(p) = -59*p - 4. Give g(-1).
55
Let c(r) = 44*r - 67. Calculate c(2).
21
Let z(i) = -i**3 - 15*i**2 - 42*i - 12. Give z(-3).
6
Let b(a) = 31*a + 1. Determine b(1).
32
Let r(n) = 29*n**2 - 4*n + 2. What is r(2)?
110
Let j(n) = 6*n - 9. Calculate j(1).
-3
Let m(c) = 6*c + 5. Give m(-8).
-43
Let g(r) = -r**2 - r + 2. Give g(3).
-10
Let u(v) = -v**2 - v - 14. What is u(0)?
-14
Let j(x) = -12*x - 326. Give j(-27).
-2
Let l(t) = -t**3 + 12*t**2 + 29*t - 12. What is l(14)?
2
Let c(p) = -p**2 + 66*p - 561. Give c(56).
-1
Let k(d) = -15*d - 12. Calculate k(2).
-42
Let d(y) = -y - 18. What is d(-13)?
-5
Let k(z) = -5*z + 23. Determine k(8).
-17
Let x(y) = 9*y + 4. Determine x(-7).
-59
Let w(y) = -7*y**2 - 8*y - 16. Calculate w(-2).
-28
Let p(y) = 2*y**2 + 24*y + 53. Give p(-10).
13
Let f(t) = -6*t**3 + t. Calculate f(1).
-5
Let z(x) = -3*x - 15. Calculate z(-4).
-3
Let j(w) = w**2 + 2*w - 95. What is j(9)?
4
Let b(m) = -m**3 + m**2 + 2*m - 9. Calculate b(3).
-21
Let y(s) = 5*s + 23. What is y(-4)?
3
Let h(t) = t + 21. Calculate h(-23).
-2
Let r(y) = y**3 + 4*y**2 - 2*y + 10. Calculate r(-5).
-5
Let s(h) = -h**3 - h**2 + 3*h + 3. What is s(-3)?
12
Let l(q) = -2*q + 7. What is l(8)?
-9
Let c(p) = p**3 - 8*p**2 + 11*p + 1. Determine c(5).
-19
Let f(k) = k**2 - 13*k - 34. What is f(15)?
-4
Let s(k) = -k**3 - 3*k**2 + 2*k - 3. Determine s(-2).
-11
Let j(p) = -p**3 + 6*p**2 + 4*p + 11. What is j(7)?
-10
Let c(p) = -p**3 - 5*p**2 + 7*p - 6. Give c(-6).
-12
Let y(l) = -l**2 + 11*l - 1. Give y(7).
27
Let y(q) = 5*q - 21. Give y(4).
-1
Let q(b) = -b**3 + 7*b**2 + 6*b + 7. What is q(6)?
79
Let c(h) = -36*h - 1. Give c(1).
-37
Let d(u) = u**2 - 10*u - 13. Give d(-5).
62
Let j(v) = -38*v**2 + 28*v + 4. What is j(1)?
-6
Let l(x) = x**2 - 7*x + 1. Determine l(0).
1
Let g(l) = 2*l**3 + 24*l**2 - 10. Calculate g(-12).
-10
Let t(l) = -78*l + 454. Calculate t(6).
-14
Let c(t) = t**2 + 12*t - 90. Calculate c(7).
43
Let s(t) = 2*t**3 + t**2 - 4*t. Calculate s(-2).
-4
Let n(d) = d - 8. Determine n(-6).
-14
Let o(u) = -2*u**3 - 4*u**2 + 3*u + 1. What is o(-4)?
53
Let x(g) = -154*g - 613. What is x(-4)?
3
Let h(a) = 2*a**2 + a. Determine h(-4).
28
Let h(b) = b + 1. Give h(6).
7
Let w(a) = 2*a - 10. Give w(5).
0
Let o(w) = w**2 - 5*w + 3. What is o(6)?
9
Let t(h) = -23*h**2 - h. What is t(-1)?
-22
Let v(r) = -r**2 - 3*r + 11. Calculate v(6).
-43
Let k(j) = j + 3. Give k(-23).
-20
Let d(r) = -r**3 + 26*r**2 - 24*r - 24. Calculate d(25).
1
Let f(i) = -i**2 + 79*i + 79. Determine f(-1).
-1
Let h(g) = -9*g**2 - 35*g - 4. Give h(-4).
-8
Let k(m) = -4*m. Determine k(-3).
12
Let l(g) = g**2 - 49*g + 450. What is l(12)?
6
Let o(q) = -q**3 + 4*q**2 + 82*q - 170. Give o(2).
2
Let y(o) = -4*o + 20. What is y(4)?
4
Let y(q) = q**3 - 12*q**2 + 12*q + 1. Give y(12).
145
Let m(g) = -g + 16. Calculate m(11).
5
Let p(v) = v**3 - 3*v**2 + v - 6. What is p(4)?
14
Let x(g) = 10*g - 369. What is x(37)?
1
Let h(k) = -4*k**2 - k + 28. Determine h(5).
-77
Let b(d) = 11*d + 8. Determine b(-4).
-36
Let z(r) = -r**3 - 20*r**2 - 23*r - 79. Calculate z(-19).
-3
Let d(k) = k**2 - 10*k - 9. Give d(12).
15
Let y(x) = 2*x**2 + 7*x. Determine y(-6).
30
Let c(y) = -y**3 + 48*y**2 + 51*y - 91. Calculate c(49).
7
Let k(m) = 2*m**2 - 8. Give k(-4).
24
Let r(f) = 2*f - 18. Give r(12).
6
Let o(z) = -7*z - 4. Determine o(-1).
3
Let h(y) = 3*y - 6. What is h(0)?
-6
Let o(k) = -k**3 + k**2 + k. Give o(2).
-2
Let a(k) = -k**2 - 22*k - 30. Calculate a(-24).
-78
Let z(a) = 2*a + 23. Determine z(-15).
-7
Let j(p) = p**3 + 20*p**2 + 16*p - 27. What is j(-19)?
30
Let n(o) = o**2 - 7*o + 10. Give n(5).
0
Let i(x) = x**3 - 6*x**2 + 2*x + 6. What is i(7)?
69
Let u(k) = -3*k + 12. Determine u(19).
-45
Let g(a) = -6*a + 20. Determine g(-3).
38
Let a(l) = l**2 + 6*l + 18. What is a(-8)?
34
Let m(q) = q**3 + 9*q**2 - 8*q + 15. What is m(-10)?
-5
Let g(k) = k**3 + 4*k**2 + 8*k + 2. What is g(-4)?
-30
Let k(g) = -10*g + 3. What is k(1)?
-7
Let w(f) = -121*f - 368. Give w(-3).
-5
Let f(d) = -11*d - 1. Calculate f(2).
-23
Let y(z) = -z**2 + 3*z + 15. What is y(0)?
15
Let n(r) = 20*r**3 + r**2 - r + 1. What is n(1)?
21
Let g(y) = -y**2 + 17*y - 19. Calculate g(15).
11
Let q(d) = 14*d + 1. What is q(2)?
29
Let p(b) = 7*b**2 + 6*b + 3. Determine p(-3).
48
Let u(d) = 2*d**2 + 7*d - 36. Calculate u(-11).
129
Let l(u) = u**3 + 10*u**2 + 6*u - 10. Give l(-7).
95
Let h(r) = r**2 - 3*r + 9. Give h(3).
9
Let j(n) = -10*n - 2. Give j(-1).
8
Let p(f) = 23*f**2 + 2*f. Determine p(-1).
21
Let i(j) = 9*j - 1. What is i(1)?
8
Let i(m) = 25*m + 123. Give i(-5).
-2
Let s(h) = -4*h 